{"id":229,"date":"2020-02-20T11:47:18","date_gmt":"2020-02-20T14:47:18","guid":{"rendered":"https:\/\/nabytek.local\/?page_id=229"},"modified":"2021-02-06T16:47:35","modified_gmt":"2021-02-06T16:47:35","slug":"kontakt","status":"publish","type":"page","link":"https:\/\/www.muzskystyl.cz\/panska-moda-a-styl\/kontakt\/","title":{"rendered":"Kontakt"},"content":{"rendered":"Pot\u0159ebujete poradit s v\u00fdb\u011brem spr\u00e1vn\u00e9ho zbo\u017e\u00ed&nbsp;nebo vy\u0159e\u0161en\u00edm objedn\u00e1vky? Bude n\u00e1m pot\u011b\u0161en\u00edm v\u00e1m poradit nebo vy\u0159e\u0161it jak\u00fdkoliv probl\u00e9m s objedn\u00e1vkou na Mu\u017esk\u00fd styl.cz - pro stylov\u00e9 mu\u017ee.\n<p>&nbsp;<\/p>\n<h2>Kontaktn\u00ed informace<\/h2>\n<strong>Email:<\/strong>&nbsp;info@salesmachina.com<br \/>\n<strong>Telefon:<\/strong>&nbsp;+420 735 984 085<br \/><br \/>\n<strong>Otev\u00edrac\u00ed doba:<\/strong><br \/>\nPond\u011bl\u00ed - p\u00e1tek 9:00 - 17:00<br \/>\nSobota, ned\u011ble: zav\u0159eno<p>&nbsp;<\/p>\n<h2>Kontaktujte n\u00e1s<\/h2>\n<div id=\"lcf-contactform-wrap\">\n            <form action=\"https:\/\/www.muzskystyl.cz\/panska-moda-a-styl\/kontakt\/\" method=\"post\" name=\"lcf-contactform\" id=\"lcf-contactform\">\n                <label for=\"lcf_contactform_name\">Jm\u00e9no<\/label>\n                <input name=\"lcf_contactform_name\" id=\"lcf_contactform_name\" type=\"text\" size=\"33\" class=\"required\" maxlength=\"99\" value=\"\" placeholder=\"Va\u0161e jm\u00e9no\" required \/>\n                <label for=\"lcf_contactform_email\">E-mail<\/label>\n                <input name=\"lcf_contactform_email\" id=\"lcf_contactform_email\" type=\"text\" size=\"33\" class=\"required\" value=\"\" placeholder=\"V\u00e1\u0161 e-mail\" required \/><label for=\"lcf_message\"><\/label>\n                <textarea name=\"lcf_message\" id=\"lcf_message\" minlength=\"4\" cols=\"33\" rows=\"7\" placeholder=\"Va\u0161e zpr\u00e1va\" class=\"required\" required><\/textarea><div><span>Zadejte sou\u010det 9 a 8 <\/span>&nbsp;&nbsp;<input type=\"text\" class=\"required\" name=\"lcf_contactform_as\" id=\"lcf_contactform_as\" value=\"\" style=\"float:none;margin-top:20px;\" placeholder=\"Kontroln\u00ed sou\u010det\" required><input type=\"hidden\" name=\"lcf_contactform_cc\" id=\"lcf_contactform_cc\" value=\"250\"><\/div><div class=\"lcf-submit\">\n                    <input type=\"submit\" name=\"Submit\" id=\"lcf_contact\" value=\"Odeslat\">\n                    <input type=\"hidden\" name=\"lcf_key\" value=\"process_form\">\n                <\/div>\n            <\/form>\n        <\/div>\n<p>&nbsp;<\/p>\n<h2>Provozovatel projektu Mu\u017esk\u00fd styl.cz - pro stylov\u00e9 mu\u017ee<\/h2>\n<strong>Spr\u00e1vn\u00e1 dvojka s.r.o.<\/strong><br \/>\n\u00daprkova 17\/29<br \/>\n500 09 Hradec Kr\u00e1lov\u00e9, Mal\u0161ovice<br \/><br \/>\nI\u010cO 09947281<br \/>\nDI\u010c CZ09947281\nSpisov\u00e1 zna\u010dka C 47170 veden\u00e1 u Krajsk\u00e9ho soudu v Hradci Kr\u00e1lov\u00e9\t\n<p>&nbsp;<\/p>\n<iframe src=\"https:\/\/www.google.com\/maps\/embed?pb=!1m18!1m12!1m3!1d2553.69259215464!2d15.852380716042184!3d50.20427677944212!2m3!1f0!2f0!3f0!3m2!1i1024!2i768!4f13.1!3m3!1m2!1s0x470dd4c4eb5a218b%3A0xec36ea26bd53185d!2zw5pwcmtvdmEgMTcsIE1hbMWhb3ZpY2UsIDUwMCAwOSBIcmFkZWMgS3LDoWxvdsOp!5e0!3m2!1scs!2scz!4v1631125631780!5m2!1scs!2scz\" width=\"100%\" height=\"400\" style=\"border:0;\" allowfullscreen=\"\" loading=\"lazy\"><\/iframe>","protected":false},"excerpt":{"rendered":"","protected":false},"author":5,"featured_media":0,"parent":0,"menu_order":0,"comment_status":"closed","ping_status":"closed","template":"","meta":{"_acf_changed":false,"footnotes":""},"class_list":["post-229","page","type-page","status-publish","hentry"],"acf":[],"_links":{"self":[{"href":"https:\/\/www.muzskystyl.cz\/panska-moda-a-styl\/wp-json\/wp\/v2\/pages\/229","targetHints":{"allow":["GET"]}}],"collection":[{"href":"https:\/\/www.muzskystyl.cz\/panska-moda-a-styl\/wp-json\/wp\/v2\/pages"}],"about":[{"href":"https:\/\/www.muzskystyl.cz\/panska-moda-a-styl\/wp-json\/wp\/v2\/types\/page"}],"author":[{"embeddable":true,"href":"https:\/\/www.muzskystyl.cz\/panska-moda-a-styl\/wp-json\/wp\/v2\/users\/5"}],"replies":[{"embeddable":true,"href":"https:\/\/www.muzskystyl.cz\/panska-moda-a-styl\/wp-json\/wp\/v2\/comments?post=229"}],"version-history":[{"count":22,"href":"https:\/\/www.muzskystyl.cz\/panska-moda-a-styl\/wp-json\/wp\/v2\/pages\/229\/revisions"}],"predecessor-version":[{"id":105247,"href":"https:\/\/www.muzskystyl.cz\/panska-moda-a-styl\/wp-json\/wp\/v2\/pages\/229\/revisions\/105247"}],"wp:attachment":[{"href":"https:\/\/www.muzskystyl.cz\/panska-moda-a-styl\/wp-json\/wp\/v2\/media?parent=229"}],"curies":[{"name":"wp","href":"https:\/\/api.w.org\/{rel}","templated":true}]}}